 factors of q(3).
3, 11
Suppose 0 = 3*l - 2*l + 2. List the prime factors of l/6 - (-62)/6.
2, 5
Let m = -19 - -22. Suppose m*r = -r + 120. List the prime factors of r.
2, 3, 5
Let p be (-1)/(9/6)*-6. Suppose -p = -y - 3*y. What are the prime factors of (4*4 - 2)/y?
2, 7
Let y be (4*-5 - -3)*-2. Suppose -y = -2*s + 4*b, 70 = s + 4*s + 5*b. List the prime factors of s.
3, 5
Let p(q) be the first derivative of -q**3/6 - 2*q**2 - q + 4. Let f(m) be the first derivative of p(m). List the prime factors of f(-6).
2
Let i(a) = -3*a - 2. Let h be i(-3). Suppose -h + 33 = 2*f. List the prime factors of f.
13
Suppose 3*t + 2*k = 24, 3*k - 7*k + 12 = 0. Suppose -71 + t = -5*x. What are the prime factors of x - (-1 + -2 - 0)?
2
Suppose 0 = -f - 2*n + 54, 0*f = 5*f + 4*n - 270. List the prime factors of f.
2, 3
Let b(p) = 4*p - 1. List the prime factors of b(3).
11
Suppose -2*o + 8 = -2*y, 1 = -2*y - 3. Let d be (0 - 4)*3/o. List the prime factors of (-4)/d*(-33)/(-2).
11
Let w(u) = -6*u + 2 + u**3 + 3 - 2*u - 3*u**2. List the prime factors of w(5).
3, 5
Let x(p) = p**2 - 7*p + 4. Let n be x(6). What are the prime factors of (n - -23) + 6/(-3)?
19
Suppose -8 - 7 = 5*h. Let i(f) = -2*f**3 - 4*f**2 + 2*f + 2. What are the prime factors of i(h)?
2, 7
Let p(r) be the third derivative of r**5/60 + r**4/3 - r**3 + 3*r**2. What are the prime factors of p(-10)?
2, 7
Let o(b) = 3*b - 1. Let g(c) = -c**2 - 7*c + 3. Let z(i) = -2*g(i) - 5*o(i). Let m = 1 + -3. What are the prime factors of z(m)?
3
Let c(g) = g**2 - 2*g + 3. Let y be c(4). Let m = y + -6. List the prime factors of m.
5
Let z = -225 - -351. List the prime factors of z.
2, 3, 7
Let d = -3 + 6. Suppose -5*b + 7 + d = 0. Suppose 1 + 3 = b*s. What are the prime factors of s?
2
Let o be (-37 - 3) + (-4 - -1). Let a = -26 - o. List the prime factors of a.
17
Let k(y) be the first derivative of -y**5/60 - y**4/12 - y**3 - 1. Let s(u) be the third derivative of k(u). What are the prime factors of s(-6)?
2, 5
Let l = -2 - -9. Let n(o) = o**3 - 6*o**2 - 6*o + 5. List the prime factors of n(l).
2, 3
Suppose 3*p = -p + 92. What are the prime factors of p?
23
Suppose 2*s - 5*s = -9. What are the prime factors of s?
3
Suppose 14 + 16 = 3*k. Suppose 0 = 3*v - k - 2. Suppose -42 = -3*l + j - 5*j, 0 = v*l + 2*j - 46. List the prime factors of l.
2, 5
Let z(v) = v - 4. Let t be z(5). Let p(n) = 8*n. What are the prime factors of p(t)?
2
Suppose 4*a + 10 = -p + 140, 2*a + 160 = p. List the prime factors of p.
2, 3, 5
Suppose 3*d - 41 = -a, -5*d = -d - 3*a - 72. Suppose 0 = -3*f - 2*f + d. List the prime factors of f.
3
Let p(t) = -6*t. Let r = 20 + -24. List the prime factors of p(r).
2, 3
Suppose -3*l + 3 = -6. Suppose -11 - l = -2*i. Suppose q = -0*q + i. What are the prime factors of q?
7
Let t = -43 + 63. Suppose -80 = -5*q + t. What are the prime factors of q?
2, 5
Let l = -1 - 0. Let g(x) = -x**2 + 9*x - 6. Let d be g(8). List the prime factors of (l/d)/((-1)/12).
2, 3
Suppose -2*f - 82 = -4*z, 6*z - z - 89 = -2*f. Suppose -9 = -r - u, 3*u + 2 = -7. Let s = z - r. List the prime factors of s.
7
Let z(t) = t**2 - t - 9. List the prime factors of z(-8).
3, 7
Let f(j) = 4*j + 6. Let s be f(-4). Let y = -6 - s. What are the prime factors of 90/21 - y/14?
2
Let q = 385 + -215. List the prime factors of q.
2, 5, 17
Let f(z) = 11*z - 16. What are the prime factors of f(9)?
83
Let x = 6 - 6. Suppose -3*n = -6, -5*n - 75 = -5*w - x*n. List the prime factors of w.
17
Let w(v) = -v**3 + 4*v**2 - 3*v + 3. Suppose 3 = 2*j - 5. Let l be w(j). List the prime factors of -3*(-6)/l - -14.
2, 3
Let r = 13 - 2. Suppose 0 = -0*k - k + r. What are the prime factors of k?
11
Suppose r - 2*r = -2*h + 8, -5*r - 4*h - 110 = 0. List the prime factors of r*(-3 - (-1 + -1)).
2, 3
Suppose -2*b + 5*b - 137 = 2*h, -2*b + 2*h + 88 = 0. What are the prime factors of b?
7
Let r = 48 + -1. Let t = 11 + r. List the prime factors of t.
2, 29
Let i(n) = 7*n - 7. List the prime factors of i(24).
7, 23
Suppose 9*h = 207 - 63. List the prime factors of h.
2
Suppose 0 = 3*f - 5*c + 8, -2*f - c = -0*c - 12. Suppose -g = -19 + f. Let u = g - 3. List the prime factors of u.
2, 3
Suppose -2*s + 72 = 2*s. List the prime factors of s.
2, 3
Suppose 5*p - 15 - 10 = 0. Let r(l) = -5 - 2*l**2 + 3*l + 6*l**2 - 8*l - 2*l**2. What are the prime factors of r(p)?
2, 5
Suppose 4*i = -2*b + 72, 2*b = -b + 2*i + 140. List the prime factors of b.
2, 11
Let y(k) = -5*k. Let j be y(-2). List the prime factors of j/1 + (-4 - -2).
2
Let b be (-4)/(-16) + 657/12. Let j = b + -32. List the prime factors of j.
23
Let p(u) = -u**2 - 23*u - 13. What are the prime factors of p(-12)?
7, 17
Let z = 56 - -34. Suppose 0*b + 4*b - 117 = w, -3*b + z = -3*w. What are the prime factors of b?
29
Let f(m) = -m**2 + 8*m + 10. Let v be f(9). Suppose 3*n - 26 - v = 0. Suppose -p = -0*p - n. What are the prime factors of p?
3
List the prime factors of (-568)/(-12) - 1/3.
47
Suppose 101 = 3*j + 4*v, j = -3*j + v + 103. List the prime factors of j.
3
Let z(n) = 9*n**2 + 2*n + 1. List the prime factors of z(2).
41
Let a(t) = -t**3 + 11*t - 2*t**3 - 13*t - 3 + 1 - 2*t**2. Let k be a(-3). Suppose k = 5*f - c, 5*f - 3*c - 35 - 36 = 0. List the prime factors of f.
13
Let r = 11 + 0. Let f(o) = -o**2 + 12*o + 7. What are the prime factors of f(r)?
2, 3
Let g(y) be the second derivative of -y**3/6 - y. Let h be g(0). List the prime factors of (1 + h)*(5 - 2).
3
Let b(y) = -15*y - 10. What are the prime factors of b(-3)?
5, 7
Let n = -15 + 15. Suppose 2*g - 5*b - 3 + 0 = n, 2*b + 32 = 3*g. What are the prime factors of g?
2, 7
Let w = -47 - -78. List the prime factors of w.
31
Let f(k) = -k**2 + 3*k. Let q(r) = -4*r**2 + 11*r + 1. Let g(v) = -9*f(v) + 2*q(v). What are the prime factors of g(6)?
2
Let v(j) = -j**2 + 36. What are the prime factors of v(0)?
2, 3
Suppose 2*g - 5*z = 38, 3 = 2*g - 2*z - 23. List the prime factors of (g - 3)*(-2)/(-3).
2
Let v = 12 - -41. What are the prime factors of v?
53
Let b be 4 + 0*1/3. Suppose l = i, -14 - 4 = -b*l - 2*i. Suppose 3*j - f - 20 = 0, f = -5*j - l*f + 5. List the prime factors of j.
5
Suppose 0 = -y + o + 2*o + 11, -2*y + 6 = 2*o. Suppose 2 + y = t. List the prime factors of t.
7
Suppose -u = 3*u - q, -u + q = 0. Suppose -l + 0*l + 3 = u. Let b = l + -1. What are the prime factors of b?
2
Let n(q) be the first derivative of -q**4/4 + q**3/3 - q**2/2 + 14*q + 3. List the prime factors of n(0).
2, 7
Let q be ((-4)/(-6))/(2/6). Suppose 0 = -3*k + 7 + 2. Suppose -k*j + 25 = 2*o - 3*o, q*j - 15 = o. List the prime factors of j.
2, 5
Suppose 5*q + 101 = 2*h + 415, 0 = 2*q + 3*h - 118. List the prime factors of q.
2, 31
Let v = 11 - 21. What are the prime factors of (3 - 1) + v + 46?
2, 19
Let q = 3 + -1. Suppose q*m + 100 = 7*m. List the prime factors of m.
2, 5
Let g(r) = -5*r - 6. Let x be g(-2). Suppose -3*k + 80 = x*z - 24, 129 = 5*z + 4*k. What are the prime factors of z?
29
Let s be (-1)/(2 - (-14)/(-6)). Let o = 13 - s. Suppose 0 = -4*g + 6 + o. What are the prime factors of g?
2
Suppose 0*a - 24 = -3*a - 5*r, -3*a + r = -42. Let k(d) = d**2 + 5*d - 6. Let w be k(-6). Suppose 0 = -4*n + m + a, m + w - 3 = 0. List the prime factors of n.
2
Let t be (-2)/(-6) - 224/(-12). Let l = t + -5. List the prime factors of l.
2, 7
Suppose 3*q + 2*q = 160. Suppose -v = -2*h - q, 0 = v + 3*h - 4 - 28. List the prime factors of v.
2
Let x(b) = -b**3 - 7*b**2 - 7*b + 6. Let f = 1 + 4. Let o be -2 + f + 9*-1. What are the prime factors of x(o)?
2, 3
Suppose -3*q + u - 114 = 2*q, -2*q = -2*u + 52. Let l = -15 - q. List the prime factors of l.
7
What are the prime factors of 10 + -7 + 30 + 1?
2, 17
Let i(x) be the third derivative of x**6/120 - 7*x**5/60 + 2*x**3/3 - x**2. List the prime factors of i(7).
2
Let a(x) = 2 - 2 + 3*x + 8*x. Let g be a(2). Suppose -3*f - 2*d = -44, -4*d + g = 3*f - 30. What are the prime factors of f?
2, 3
Suppose -4*c - 284 = 2*n, -5*n + 5*c = -361 + 1086. Let z be (4/(-8))/((-2)/n). Let i = -25 - z. What are the prime factors of i?
11
Suppose 2*b - 4 = -0*b. Let g(x) = x**3 - 4*x**2 + 3*x. Let t be g(b). List the prime factors of (23 + -1)/(0 - t).
11
Let f = 44 - 24. Suppose -3*d + 2*k = -f, -2 = -5*d + 4*d - 4*k. Let w = d - -8. List the prim